{"id":649,"date":"2025-06-24T16:52:28","date_gmt":"2025-06-24T19:52:28","guid":{"rendered":"https:\/\/escolavirtualbompastor.com.br\/?page_id=649"},"modified":"2026-02-01T17:55:13","modified_gmt":"2026-02-01T20:55:13","slug":"etapas-da-formacao","status":"publish","type":"page","link":"https:\/\/escolavirtualbompastor.com.br\/index.php\/etapas-da-formacao\/","title":{"rendered":"ETAPAS DA FORMA\u00c7\u00c3O"},"content":{"rendered":"\n<p class=\"has-text-align-center has-medium-font-size\"><a><strong>ETAPAS DA FORMA\u00c7\u00c3O<\/strong><\/a><\/p>\n\n\n\n<p>A forma\u00e7\u00e3o dos candidatos ao diaconato permanente no N\u00daCLEO DIACONAL &#8216;SANTO ESTEV\u00c3O&#8217; segue um itiner\u00e1rio bem estruturado, dividido em etapas que permitem um crescimento gradual na viv\u00eancia da voca\u00e7\u00e3o. Cada fase do processo formativo \u00e9 orientada para a matura\u00e7\u00e3o espiritual, teol\u00f3gica e pastoral dos aspirantes, garantindo uma prepara\u00e7\u00e3o s\u00f3lida para o minist\u00e9rio. Desde o per\u00edodo proped\u00eautico at\u00e9 a forma\u00e7\u00e3o teol\u00f3gica e pastoral, cada etapa busca aprofundar a configura\u00e7\u00e3o dos candidatos a Cristo Servo, fortalecendo sua miss\u00e3o na Igreja e no servi\u00e7o ao povo de Deus.<\/p>\n\n\n\n<ol class=\"wp-block-list\"><\/ol>\n\n\n\n<h3 class=\"wp-block-heading\"><a><strong>O Per\u00edodo Proped\u00eautico<\/strong><\/a><\/h3>\n\n\n\n<ol start=\"1\" style=\"list-style-type:lower-alpha\" class=\"wp-block-list\">\n<li><strong>Natureza:<\/strong> \u00c9 a fase preparat\u00f3ria do processo de forma\u00e7\u00e3o ao minist\u00e9rio diaconal, quando os vocacionados s\u00e3o convidados a realizar um discernimento livre e consciente, sem deixar-se condicionar por interesses pessoais ou press\u00f5es externas de qualquer tipo. J\u00e1 neste per\u00edodo, tenha-se o cuidado de comprometer, tanto quanto poss\u00edvel, tamb\u00e9m as esposas dos vocacionados, sem, contudo, alimentar expectativa de ordena\u00e7\u00e3o, lembrando a necessidade de observar os crit\u00e9rios fundamentais destas diretrizes.<\/li>\n<\/ol>\n\n\n\n<ol start=\"2\" style=\"list-style-type:lower-alpha\" class=\"wp-block-list\">\n<li><strong>Respons\u00e1vel: <\/strong>O respons\u00e1vel do per\u00edodo proped\u00eautico \u00e9 o Diretor Geral ou um formador nomeado por este, que ter\u00e1 a responsabilidade de encaminhar \u00e0 Equipe de Forma\u00e7\u00e3o a apresenta\u00e7\u00e3o do candidato \u00e0 segunda fase de forma\u00e7\u00e3o: <em>fundamenta\u00e7\u00e3o teol\u00f3gico-doutrin\u00e1ria-pastoral<\/em>.<\/li>\n<\/ol>\n\n\n\n<ol start=\"3\" style=\"list-style-type:lower-alpha\" class=\"wp-block-list\">\n<li><strong>Objetivo:<\/strong> Introduzir os vocacionados num conhecimento b\u00e1sico da teologia, da hist\u00f3ria da Igreja e convid\u00e1-los a um discernimento mais atento do seu chamado. O programa do per\u00edodo proped\u00eautico n\u00e3o dever\u00e1 prever t\u00e3o somente li\u00e7\u00f5es escolares, mas encontros de ora\u00e7\u00e3o, instru\u00e7\u00f5es, momentos de reflex\u00e3o e de confronto orientados a ajudar a objetividade do discernimento vocacional, segundo um plano bem estruturado.<\/li>\n<\/ol>\n\n\n\n<h3 class=\"wp-block-heading\"><a><strong>Per\u00edodo da Forma\u00e7\u00e3o Teol\u00f3gica, Doutrin\u00e1ria e Pastoral<\/strong><\/a><\/h3>\n\n\n\n<ol start=\"1\" style=\"list-style-type:lower-alpha\" class=\"wp-block-list\">\n<li><strong>Dura\u00e7\u00e3o e Prop\u00f3sito:<\/strong> o per\u00edodo de forma\u00e7\u00e3o teol\u00f3gica, doutrin\u00e1ria e pastoral tem a dura\u00e7\u00e3o de 03 (tr\u00eas) anos, sendo um per\u00edodo pr\u00f3prio e especificamente formativo. Durante este tempo, os candidatos s\u00e3o convocados a trilhar um itiner\u00e1rio teol\u00f3gico-doutrin\u00e1rio-pastoral, fundamentado em uma vis\u00e3o org\u00e2nica das verdades reveladas por Deus em Jesus Cristo e na experi\u00eancia de f\u00e9 da Igreja. Este processo visa solidificar a f\u00e9 e os valores pessoais dos candidatos, preparando-os adequadamente para vivenciar o minist\u00e9rio diaconal.<\/li>\n<\/ol>\n\n\n\n<p><strong>Objetivos da Forma\u00e7\u00e3o: <\/strong>Preparar os candidatos para o minist\u00e9rio da Palavra, para que compreendam cada vez melhor a Palavra de Deus revelada, apropriando-se dela e comunicando-a tanto por meio das palavras quanto da vida; Educar os candidatos para o minist\u00e9rio do culto e da santifica\u00e7\u00e3o, capacitando-os a realizar as a\u00e7\u00f5es lit\u00fargicas e exercer a obra da salva\u00e7\u00e3o por meio dos sacramentos; Preparar os candidatos para o minist\u00e9rio do servi\u00e7o, apresentando-lhes o exemplo de Cristo, o Servo, que veio n\u00e3o para ser servido, mas para servir e dar a vida pela reden\u00e7\u00e3o de muitos, tornando-se servo de todos.<\/p>\n","protected":false},"excerpt":{"rendered":"<p>ETAPAS DA FORMA\u00c7\u00c3O A forma\u00e7\u00e3o dos candidatos ao diaconato permanente no N\u00daCLEO DIACONAL &#8216;SANTO ESTEV\u00c3O&#8217; segue um itiner\u00e1rio bem estruturado, dividido em etapas que permitem um crescimento gradual na viv\u00eancia &#8230;<\/p>\n","protected":false},"author":1,"featured_media":0,"parent":0,"menu_order":0,"comment_status":"closed","ping_status":"closed","template":"","meta":{"footnotes":""},"class_list":["post-649","page","type-page","status-publish","hentry"],"yoast_head":"<!-- This site is optimized with the Yoast SEO plugin v25.3.1 - https:\/\/yoast.com\/wordpress\/plugins\/seo\/ -->\n<title>ETAPAS DA FORMA\u00c7\u00c3O - Escola Diocesana de Forma\u00e7\u00e3o Bom Pastor<\/title>\n<meta name=\"robots\" content=\"index, follow, max-snippet:-1, max-image-preview:large, max-video-preview:-1\" \/>\n<link rel=\"canonical\" href=\"https:\/\/escolavirtualbompastor.com.br\/index.php\/etapas-da-formacao\/\" \/>\n<meta property=\"og:locale\" content=\"pt_BR\" \/>\n<meta property=\"og:type\" content=\"article\" \/>\n<meta property=\"og:title\" content=\"ETAPAS DA FORMA\u00c7\u00c3O - Escola Diocesana de Forma\u00e7\u00e3o Bom Pastor\" \/>\n<meta property=\"og:description\" content=\"ETAPAS DA FORMA\u00c7\u00c3O A forma\u00e7\u00e3o dos candidatos ao diaconato permanente no N\u00daCLEO DIACONAL &#8216;SANTO ESTEV\u00c3O&#8217; segue um itiner\u00e1rio bem estruturado, dividido em etapas que permitem um crescimento gradual na viv\u00eancia ...\" \/>\n<meta property=\"og:url\" content=\"https:\/\/escolavirtualbompastor.com.br\/index.php\/etapas-da-formacao\/\" \/>\n<meta property=\"og:site_name\" content=\"Escola Diocesana de Forma\u00e7\u00e3o Bom Pastor\" \/>\n<meta property=\"article:modified_time\" content=\"2026-02-01T20:55:13+00:00\" \/>\n<meta name=\"twitter:card\" content=\"summary_large_image\" \/>\n<meta name=\"twitter:label1\" content=\"Est. tempo de leitura\" \/>\n\t<meta name=\"twitter:data1\" content=\"3 minutos\" \/>\n<script type=\"application\/ld+json\" class=\"yoast-schema-graph\">{\"@context\":\"https:\/\/schema.org\",\"@graph\":[{\"@type\":\"WebPage\",\"@id\":\"https:\/\/escolavirtualbompastor.com.br\/index.php\/etapas-da-formacao\/\",\"url\":\"https:\/\/escolavirtualbompastor.com.br\/index.php\/etapas-da-formacao\/\",\"name\":\"ETAPAS DA FORMA\u00c7\u00c3O - Escola Diocesana de Forma\u00e7\u00e3o Bom Pastor\",\"isPartOf\":{\"@id\":\"https:\/\/escolavirtualbompastor.com.br\/#website\"},\"datePublished\":\"2025-06-24T19:52:28+00:00\",\"dateModified\":\"2026-02-01T20:55:13+00:00\",\"breadcrumb\":{\"@id\":\"https:\/\/escolavirtualbompastor.com.br\/index.php\/etapas-da-formacao\/#breadcrumb\"},\"inLanguage\":\"pt-BR\",\"potentialAction\":[{\"@type\":\"ReadAction\",\"target\":[\"https:\/\/escolavirtualbompastor.com.br\/index.php\/etapas-da-formacao\/\"]}]},{\"@type\":\"BreadcrumbList\",\"@id\":\"https:\/\/escolavirtualbompastor.com.br\/index.php\/etapas-da-formacao\/#breadcrumb\",\"itemListElement\":[{\"@type\":\"ListItem\",\"position\":1,\"name\":\"In\u00edcio\",\"item\":\"https:\/\/escolavirtualbompastor.com.br\/\"},{\"@type\":\"ListItem\",\"position\":2,\"name\":\"ETAPAS DA FORMA\u00c7\u00c3O\"}]},{\"@type\":\"WebSite\",\"@id\":\"https:\/\/escolavirtualbompastor.com.br\/#website\",\"url\":\"https:\/\/escolavirtualbompastor.com.br\/\",\"name\":\"Escola Diocesana de Forma\u00e7\u00e3o Bom Pastor\",\"description\":\"A Escola Diocesana de Forma\u00e7\u00e3o Bom Pastor \u00e9 um espa\u00e7o de forma\u00e7\u00e3o, espiritualidade e servi\u00e7o para todo o Povo de Deus da Diocese de Graja\u00fa. Aqui, candidatos ao diaconado, agentes de pastoral, membros de movimentos, minist\u00e9rios e comunidades encontram cursos, encontros e forma\u00e7\u00f5es continuadas para aprofundar sua f\u00e9 e miss\u00e3o evangelizadora.\",\"publisher\":{\"@id\":\"https:\/\/escolavirtualbompastor.com.br\/#organization\"},\"potentialAction\":[{\"@type\":\"SearchAction\",\"target\":{\"@type\":\"EntryPoint\",\"urlTemplate\":\"https:\/\/escolavirtualbompastor.com.br\/?s={search_term_string}\"},\"query-input\":{\"@type\":\"PropertyValueSpecification\",\"valueRequired\":true,\"valueName\":\"search_term_string\"}}],\"inLanguage\":\"pt-BR\"},{\"@type\":\"Organization\",\"@id\":\"https:\/\/escolavirtualbompastor.com.br\/#organization\",\"name\":\"Escola Diocesana de Forma\u00e7\u00e3o Bom Pastor\",\"url\":\"https:\/\/escolavirtualbompastor.com.br\/\",\"logo\":{\"@type\":\"ImageObject\",\"inLanguage\":\"pt-BR\",\"@id\":\"https:\/\/escolavirtualbompastor.com.br\/#\/schema\/logo\/image\/\",\"url\":\"https:\/\/escolavirtualbompastor.com.br\/wp-content\/uploads\/2025\/06\/cropped-logos-2.png\",\"contentUrl\":\"https:\/\/escolavirtualbompastor.com.br\/wp-content\/uploads\/2025\/06\/cropped-logos-2.png\",\"width\":209,\"height\":89,\"caption\":\"Escola Diocesana de Forma\u00e7\u00e3o Bom Pastor\"},\"image\":{\"@id\":\"https:\/\/escolavirtualbompastor.com.br\/#\/schema\/logo\/image\/\"}}]}<\/script>\n<!-- \/ Yoast SEO plugin. -->","yoast_head_json":{"title":"ETAPAS DA FORMA\u00c7\u00c3O - Escola Diocesana de Forma\u00e7\u00e3o Bom Pastor","robots":{"index":"index","follow":"follow","max-snippet":"max-snippet:-1","max-image-preview":"max-image-preview:large","max-video-preview":"max-video-preview:-1"},"canonical":"https:\/\/escolavirtualbompastor.com.br\/index.php\/etapas-da-formacao\/","og_locale":"pt_BR","og_type":"article","og_title":"ETAPAS DA FORMA\u00c7\u00c3O - Escola Diocesana de Forma\u00e7\u00e3o Bom Pastor","og_description":"ETAPAS DA FORMA\u00c7\u00c3O A forma\u00e7\u00e3o dos candidatos ao diaconato permanente no N\u00daCLEO DIACONAL &#8216;SANTO ESTEV\u00c3O&#8217; segue um itiner\u00e1rio bem estruturado, dividido em etapas que permitem um crescimento gradual na viv\u00eancia ...","og_url":"https:\/\/escolavirtualbompastor.com.br\/index.php\/etapas-da-formacao\/","og_site_name":"Escola Diocesana de Forma\u00e7\u00e3o Bom Pastor","article_modified_time":"2026-02-01T20:55:13+00:00","twitter_card":"summary_large_image","twitter_misc":{"Est. tempo de leitura":"3 minutos"},"schema":{"@context":"https:\/\/schema.org","@graph":[{"@type":"WebPage","@id":"https:\/\/escolavirtualbompastor.com.br\/index.php\/etapas-da-formacao\/","url":"https:\/\/escolavirtualbompastor.com.br\/index.php\/etapas-da-formacao\/","name":"ETAPAS DA FORMA\u00c7\u00c3O - Escola Diocesana de Forma\u00e7\u00e3o Bom Pastor","isPartOf":{"@id":"https:\/\/escolavirtualbompastor.com.br\/#website"},"datePublished":"2025-06-24T19:52:28+00:00","dateModified":"2026-02-01T20:55:13+00:00","breadcrumb":{"@id":"https:\/\/escolavirtualbompastor.com.br\/index.php\/etapas-da-formacao\/#breadcrumb"},"inLanguage":"pt-BR","potentialAction":[{"@type":"ReadAction","target":["https:\/\/escolavirtualbompastor.com.br\/index.php\/etapas-da-formacao\/"]}]},{"@type":"BreadcrumbList","@id":"https:\/\/escolavirtualbompastor.com.br\/index.php\/etapas-da-formacao\/#breadcrumb","itemListElement":[{"@type":"ListItem","position":1,"name":"In\u00edcio","item":"https:\/\/escolavirtualbompastor.com.br\/"},{"@type":"ListItem","position":2,"name":"ETAPAS DA FORMA\u00c7\u00c3O"}]},{"@type":"WebSite","@id":"https:\/\/escolavirtualbompastor.com.br\/#website","url":"https:\/\/escolavirtualbompastor.com.br\/","name":"Escola Diocesana de Forma\u00e7\u00e3o Bom Pastor","description":"A Escola Diocesana de Forma\u00e7\u00e3o Bom Pastor \u00e9 um espa\u00e7o de forma\u00e7\u00e3o, espiritualidade e servi\u00e7o para todo o Povo de Deus da Diocese de Graja\u00fa. Aqui, candidatos ao diaconado, agentes de pastoral, membros de movimentos, minist\u00e9rios e comunidades encontram cursos, encontros e forma\u00e7\u00f5es continuadas para aprofundar sua f\u00e9 e miss\u00e3o evangelizadora.","publisher":{"@id":"https:\/\/escolavirtualbompastor.com.br\/#organization"},"potentialAction":[{"@type":"SearchAction","target":{"@type":"EntryPoint","urlTemplate":"https:\/\/escolavirtualbompastor.com.br\/?s={search_term_string}"},"query-input":{"@type":"PropertyValueSpecification","valueRequired":true,"valueName":"search_term_string"}}],"inLanguage":"pt-BR"},{"@type":"Organization","@id":"https:\/\/escolavirtualbompastor.com.br\/#organization","name":"Escola Diocesana de Forma\u00e7\u00e3o Bom Pastor","url":"https:\/\/escolavirtualbompastor.com.br\/","logo":{"@type":"ImageObject","inLanguage":"pt-BR","@id":"https:\/\/escolavirtualbompastor.com.br\/#\/schema\/logo\/image\/","url":"https:\/\/escolavirtualbompastor.com.br\/wp-content\/uploads\/2025\/06\/cropped-logos-2.png","contentUrl":"https:\/\/escolavirtualbompastor.com.br\/wp-content\/uploads\/2025\/06\/cropped-logos-2.png","width":209,"height":89,"caption":"Escola Diocesana de Forma\u00e7\u00e3o Bom Pastor"},"image":{"@id":"https:\/\/escolavirtualbompastor.com.br\/#\/schema\/logo\/image\/"}}]}},"_links":{"self":[{"href":"https:\/\/escolavirtualbompastor.com.br\/index.php\/wp-json\/wp\/v2\/pages\/649","targetHints":{"allow":["GET"]}}],"collection":[{"href":"https:\/\/escolavirtualbompastor.com.br\/index.php\/wp-json\/wp\/v2\/pages"}],"about":[{"href":"https:\/\/escolavirtualbompastor.com.br\/index.php\/wp-json\/wp\/v2\/types\/page"}],"author":[{"embeddable":true,"href":"https:\/\/escolavirtualbompastor.com.br\/index.php\/wp-json\/wp\/v2\/users\/1"}],"replies":[{"embeddable":true,"href":"https:\/\/escolavirtualbompastor.com.br\/index.php\/wp-json\/wp\/v2\/comments?post=649"}],"version-history":[{"count":3,"href":"https:\/\/escolavirtualbompastor.com.br\/index.php\/wp-json\/wp\/v2\/pages\/649\/revisions"}],"predecessor-version":[{"id":787,"href":"https:\/\/escolavirtualbompastor.com.br\/index.php\/wp-json\/wp\/v2\/pages\/649\/revisions\/787"}],"wp:attachment":[{"href":"https:\/\/escolavirtualbompastor.com.br\/index.php\/wp-json\/wp\/v2\/media?parent=649"}],"curies":[{"name":"wp","href":"https:\/\/api.w.org\/{rel}","templated":true}]}}